{"id":64470,"date":"2019-07-15T13:58:06","date_gmt":"2019-07-15T11:58:06","guid":{"rendered":"https:\/\/www.der-graue-rat.de\/?page_id=64470"},"modified":"2019-07-22T16:24:49","modified_gmt":"2019-07-22T14:24:49","slug":"gquans-erben","status":"publish","type":"page","link":"https:\/\/www.der-graue-rat.de\/?page_id=64470","title":{"rendered":"G&#8217;Quans Erben"},"content":{"rendered":"<p><strong>Wir schreiben und zeichnen im Erdenjahr 2019. Inspiriert von der Geschichte der letzten gro\u00dfen Weltraumstation.<\/strong><\/p>\n<p>So ist der Gedanke unseres Storywettbewerbes &#8222;G&#8217;Quans Erben&#8220;. Wir wollen zeigen: Das deutschsprachige Babylon 5 Fandom ist zwar klein, aber aktiv und vor allem kreativ.<\/p>\n<h2>Wir suchen Deine Geschichte!<\/h2>\n<p>Egal ob Gedicht, Kurzgeschichte, episches Werk oder Filksong. Auch Comics oder Zeichnungen werden genommen.<\/p>\n<h4>Was passiert damit?<\/h4>\n<p>Bis Ende 2019 wollen wir die Werke sammeln und dann schauen wir mal, wie viele \u00fcberhaupt zusammengekommen sind. Idealerweise wollen wir die Texte (und vielleicht steuert auch noch jemand Zeichnungen bei?) in einem Storyband herausbringen. Wir k\u00f6nnen uns auch vorstellen, die ein oder andere Geschichte einzusprechen und in audioform zu ver\u00f6ffentlichen. Aber dazu brauchen wir erstmal Material<\/p>\n<h4>Warum sollte ich mitmachen?<\/h4>\n<p>Einmal, um zu zeigen, dass das deutschsprachige Babylon 5 Fandom nicht nur konsumiert, sondern extrem kreativ ist. Unsere Erfahrungen und Gespr\u00e4che mit FiverInnen haben gezeigt: Da liegt eine Menge Potential, das darauf wartet, geb\u00fcndelt und ver\u00f6ffentlicht zu werden.<\/p>\n<p>Zum anderen gibts nat\u00fcrlich was zu gewinnen. Unter allen Einsendungen verlosen wir<\/p>\n<ul>\n<li>1 Babcon DVD<\/li>\n<li>2 Babcon25 Tassen<\/li>\n<li>2 Stifte mit Babylon 5 Micromachines<\/li>\n<li>2 Babylon 5 Micromachines ohne Stifte<\/li>\n<li>2 deutschsprachige Babylon 5 Romane (allerdings in gebrauchtem Zustand)<\/li>\n<\/ul>\n<p>Und nat\u00fcrlich die gr\u00f6\u00dfte Motivation: Dein Werk und Dein Name wird einem breiten Publikum zug\u00e4nglich gemacht.<\/p>\n<h4>Was sind die Teilnahmebedingungen?<\/h4>\n<p>Da gibt es nicht viele. Du bist v\u00f6llig frei in Umfang, Stil und Inhalt, aber ein bisschen was m\u00fcssen wir nat\u00fcrlich festzurren:<\/p>\n<ul>\n<li>Das Werk stammt tats\u00e4chlich von Dir<\/li>\n<li>Es sollte nicht schon irgendwo anders erschienen sein<\/li>\n<li>Es steht Dein Name dr\u00fcber bzw drunter. Also solltest Du Dir ein wenig M\u00fche geben.<\/li>\n<li>Es ist in Deutsch geschrieben<\/li>\n<li>Das Werk ist maximal FSK16, die Charaktere sollten die Hosen anlassen und keine K\u00f6rperteile in andere K\u00f6rper stecken.<\/li>\n<li>Es sollten keine gewaltverherrlichenden, anst\u00f6\u00dfigen und\/oder verfassungsfeindliche Dinge drin vorkommen oder sonstige Sachen, die jemanden in Schwierigkeiten bringen k\u00f6nnten<\/li>\n<li>Du gew\u00e4hrst uns das unbefristete Recht, Dein Werk in Text- und Audioform\u00a0 unter Nennung Deines Namens zu ver\u00f6ffentlichen. Du beh\u00e4ltst nat\u00fcrlich das Recht, dein Werk selber zu ver\u00f6ffentlichen wo und wie Du willst. Du kannst uns das Verwertungrecht jederzeit widerrufen, allerdings nicht r\u00fcckwirkend f\u00fcr bereits erschienene Ver\u00f6ffentlichungen.<\/li>\n<\/ul>\n<h4>Wie kann ich meinen Beitrag zu Euch schicken?<\/h4>\n<p>\u00dcber die \u00fcblichen Kontaktm\u00f6glichkeiten. Oder ganz schnell und simpel \u00fcber dieses Formular hier:<\/p>\n\n<div class=\"wpcf7 no-js\" id=\"wpcf7-f64477-o1\" lang=\"de-DE\" dir=\"ltr\" data-wpcf7-id=\"64477\">\n<div class=\"screen-reader-response\"><p role=\"status\" aria-live=\"polite\" aria-atomic=\"true\"><\/p> <ul><\/ul><\/div>\n<form action=\"\/index.php?rest_route=%2Fwp%2Fv2%2Fpages%2F64470#wpcf7-f64477-o1\" method=\"post\" class=\"wpcf7-form init\" aria-label=\"Kontaktformular\" enctype=\"multipart\/form-data\" novalidate=\"novalidate\" data-status=\"init\">\n<fieldset class=\"hidden-fields-container\"><input type=\"hidden\" name=\"_wpcf7\" value=\"64477\" \/><input type=\"hidden\" name=\"_wpcf7_version\" value=\"6.1.5\" \/><input type=\"hidden\" name=\"_wpcf7_locale\" value=\"de_DE\" \/><input type=\"hidden\" name=\"_wpcf7_unit_tag\" value=\"wpcf7-f64477-o1\" \/><input type=\"hidden\" name=\"_wpcf7_container_post\" value=\"0\" \/><input type=\"hidden\" name=\"_wpcf7_posted_data_hash\" value=\"\" \/>\n<\/fieldset>\n<p><label> Dein Name (Pflichtfeld)<br \/>\n<span class=\"wpcf7-form-control-wrap\" data-name=\"your-name\"><input size=\"40\" maxlength=\"400\" class=\"wpcf7-form-control wpcf7-text wpcf7-validates-as-required\" aria-required=\"true\" aria-invalid=\"false\" value=\"\" type=\"text\" name=\"your-name\" \/><\/span> <\/label>\n<\/p>\n<p><label> Deine E-Mail-Adresse (Pflichtfeld)<br \/>\n<span class=\"wpcf7-form-control-wrap\" data-name=\"your-email\"><input size=\"40\" maxlength=\"400\" class=\"wpcf7-form-control wpcf7-email wpcf7-validates-as-required wpcf7-text wpcf7-validates-as-email\" aria-required=\"true\" aria-invalid=\"false\" value=\"\" type=\"email\" name=\"your-email\" \/><\/span> <\/label>\n<\/p>\n<p><label> Was Du uns noch mitteilen m\u00f6chtest<br \/>\n<span class=\"wpcf7-form-control-wrap\" data-name=\"your-message\"><textarea cols=\"40\" rows=\"10\" maxlength=\"2000\" class=\"wpcf7-form-control wpcf7-textarea\" aria-invalid=\"false\" name=\"your-message\"><\/textarea><\/span> <\/label>\n<\/p>\n<p><label> Hier ggf Datei einf\u00fcgen<br \/>\n<span class=\"wpcf7-form-control-wrap\" data-name=\"file-753\"><input size=\"40\" class=\"wpcf7-form-control wpcf7-file\" accept=\".txt,.doc,.docx,.pdf,.odt,.jpg,.gif,.tif,.zip,.rar\" aria-invalid=\"false\" type=\"file\" name=\"file-753\" \/><\/span><br \/>\nAkzeptierte Dateitypen: txt, doc, docx, pdf, odt, jpg, gif, tif, zip, rar<br \/>\n<\/label>\n<\/p>\n<p><span class=\"wpcf7-form-control-wrap\" data-name=\"checkbox-450\"><span class=\"wpcf7-form-control wpcf7-checkbox wpcf7-validates-as-required\"><span class=\"wpcf7-list-item first last\"><span class=\"wpcf7-list-item-label\">Ich akzeptiere die Teilnahmebedingungen und die Datenschutzbestimmungen (Pflichtfeld)<\/span><input type=\"checkbox\" name=\"checkbox-450[]\" value=\"Ich akzeptiere die Teilnahmebedingungen und die Datenschutzbestimmungen (Pflichtfeld)\" \/><\/span><\/span><\/span>\n<\/p>\n<p><input class=\"wpcf7-form-control wpcf7-submit has-spinner\" type=\"submit\" value=\"Senden\" \/>\n<\/p><div class=\"wpcf7-response-output\" aria-hidden=\"true\"><\/div>\n<\/form>\n<\/div>\n\n<p>&nbsp;<\/p>\n<p>Wir freuen uns auf Deinen Beitrag!<\/p>\n","protected":false},"excerpt":{"rendered":"<p>Wir schreiben und zeichnen im Erdenjahr 2019. Inspiriert von der Geschichte der letzten gro\u00dfen Weltraumstation. So ist der Gedanke unseres Storywettbewerbes &#8222;G&#8217;Quans Erben&#8220;. Wir wollen zeigen: Das deutschsprachige Babylon 5 Fandom ist zwar klein, aber aktiv und vor allem kreativ. Wir suchen Deine Geschichte! Egal ob Gedicht, Kurzgeschichte, episches Werk oder Filksong. Auch Comics oder &#8230; <a title=\"G&#8217;Quans Erben\" class=\"read-more\" href=\"https:\/\/www.der-graue-rat.de\/?page_id=64470\">Read more<span class=\"screen-reader-text\">G&#8217;Quans Erben<\/span><\/a><\/p>\n","protected":false},"author":2,"featured_media":64471,"parent":0,"menu_order":0,"comment_status":"closed","ping_status":"closed","template":"","meta":{"footnotes":""},"class_list":["post-64470","page","type-page","status-publish","has-post-thumbnail"],"_links":{"self":[{"href":"https:\/\/www.der-graue-rat.de\/index.php?rest_route=\/wp\/v2\/pages\/64470","targetHints":{"allow":["GET"]}}],"collection":[{"href":"https:\/\/www.der-graue-rat.de\/index.php?rest_route=\/wp\/v2\/pages"}],"about":[{"href":"https:\/\/www.der-graue-rat.de\/index.php?rest_route=\/wp\/v2\/types\/page"}],"author":[{"embeddable":true,"href":"https:\/\/www.der-graue-rat.de\/index.php?rest_route=\/wp\/v2\/users\/2"}],"replies":[{"embeddable":true,"href":"https:\/\/www.der-graue-rat.de\/index.php?rest_route=%2Fwp%2Fv2%2Fcomments&post=64470"}],"version-history":[{"count":16,"href":"https:\/\/www.der-graue-rat.de\/index.php?rest_route=\/wp\/v2\/pages\/64470\/revisions"}],"predecessor-version":[{"id":64544,"href":"https:\/\/www.der-graue-rat.de\/index.php?rest_route=\/wp\/v2\/pages\/64470\/revisions\/64544"}],"wp:featuredmedia":[{"embeddable":true,"href":"https:\/\/www.der-graue-rat.de\/index.php?rest_route=\/wp\/v2\/media\/64471"}],"wp:attachment":[{"href":"https:\/\/www.der-graue-rat.de\/index.php?rest_route=%2Fwp%2Fv2%2Fmedia&parent=64470"}],"curies":[{"name":"wp","href":"https:\/\/api.w.org\/{rel}","templated":true}]}}